f l?
17
Let o(s) = s**3 - 28*s**2 - 2*s - 45. What are the prime factors of o(29)?
2, 3, 41
Let r be 0 + -1 + (3 - 0). Suppose r*l - l = 41. What are the prime factors of l?
41
Let p = 609 + -414. Suppose -4*z + 378 = 5*o - 3*o, -2*z + o = -p. Suppose h = 4*h - z. What are the prime factors of h?
2
Let b(c) = -c**2 - 11*c. Let a be b(-9). Let n = a - 26. What are the prime factors of (-453)/(-12) - 2/n?
2, 19
Suppose -47*x + 1574 = h - 46*x, -2*x = 4*h - 6290. What are the prime factors of h?
1571
Let j = -11 - -13. Let x = j + -2. Suppose x*u = -2*u + 36. List the prime factors of u.
2, 3
Let h = -253 - -377. Suppose 16*n = 13*n + u + 400, n + 2*u = h. What are the prime factors of n?
2, 3, 11
Let a(l) = -252*l - 196. What are the prime factors of a(-7)?
2, 7
Let w = -27 + 30. Suppose w*j - 5*j - 46 = 0. Let v = j - -72. What are the prime factors of v?
7
Suppose -8*b = -10177 + 449. List the prime factors of b.
2, 19
Suppose 2*t - 2656 = -2*x - 2*x, -5*x + 6620 = 5*t. What are the prime factors of t?
2, 3, 5, 11
Suppose 5*j = d - 55, -5*d - 6*j = -2*j - 130. Suppose 13*g = 15*g + d. List the prime factors of -4 - 160/g*6.
2, 3, 5
List the prime factors of (-423)/((20/200)/((-42)/45)).
2, 3, 7, 47
Let b(p) = 21*p - 3*p**3 + 41*p**2 + 2*p**3 - 25*p**2 - 32. What are the prime factors of b(17)?
2, 3
Let a be (1 + 3)*(-44)/16. Let x = 16 + a. Suppose x*w = -17 + 157. What are the prime factors of w?
2, 7
Let c(h) = -h**2 - 10*h + 5. Suppose -5*j = -x + 3 + 7, 4*j = -3*x - 65. Let t be (-3)/(-2)*80/x. List the prime factors of c(t).
3, 7
Suppose g - 1 + 4 = 0. Let s = 0 - g. Suppose p - s*p + 9 = 3*c, -p = 4*c - 7. What are the prime factors of p?
3
List the prime factors of 666 - (-1)/2*(33 + -37).
2, 83
Let r(u) = -u. Suppose 6 = 5*y + 2*c, -2*y = -7*y + 5*c - 15. Let t be r(y). Suppose t = -5*m + 20. What are the prime factors of m?
2
Suppose 4*p - 643 = 125. Suppose 0 = -10*g + 13*g - p. Let l = 98 - g. What are the prime factors of l?
2, 17
Let h = -20 + 71. List the prime factors of h.
3, 17
Let b = -23 - -22. Let w = b - -14. Let o(f) = -f**3 + 13*f**2 + 6*f - 20. What are the prime factors of o(w)?
2, 29
Suppose -2*h - 3*h + 15 = 0. Suppose r = -a + 66, r + 64 = -h*a + 4*a. List the prime factors of a.
5, 13
Let n = -37 - -40. Suppose n*l + 228 = 7*l. List the prime factors of l.
3, 19
Let w = 45 - 111. Let f be 4/14 - w/14. Let x = -1 + f. List the prime factors of x.
2
Suppose -2*l - 4584 = -6*l. What are the prime factors of l?
2, 3, 191
Suppose p = 79 + 29. Suppose -2*x - 170 = -3*l, 0*l + 4*x = 2*l - p. List the prime factors of l.
2, 29
Let g(u) be the first derivative of -u**3 + u**2/2 + 204*u + 38. What are the prime factors of g(0)?
2, 3, 17
Let u = -10 - -12. Suppose 0 = u*c - 5*c - 24. List the prime factors of c/4 + 4 + 7.
3
Suppose -2*c + 6 = -5*c. Let u(w) = 2*w**2 + 2*w - 2. Let m be u(c). Suppose 5*t + 0*p = 5*p + 120, m*t - p = 53. List the prime factors of t.
29
Let u(a) = -a**3 - 6*a**2 - 37*a + 8. List the prime factors of u(-14).
2, 3, 349
Suppose 328*o - 1328 = -g + 324*o, 2*g - 2662 = -5*o. List the prime factors of g.
2, 167
Let k = 1347 + -889. What are the prime factors of k?
2, 229
What are the prime factors of (2/4)/(7630/2540 - 3)?
127
What are the prime factors of -6 - 261/(-45) - (-40582)/10?
2, 2029
List the prime factors of ((-242)/3)/((-6)/90).
2, 5, 11
Suppose 14 = -3*m + 4*o + 102, -2*m = -2*o - 56. What are the prime factors of m?
2, 3
Let p = -1909 + 2483. What are the prime factors of p?
2, 7, 41
Let n(p) = 42*p - 30. Let r be n(13). Let b = r + -366. What are the prime factors of b?
2, 3, 5
What are the prime factors of 1 + -1 + ((-266)/1)/(-2)?
7, 19
Suppose b + 4*r + 0 = -2, 4*b = -r - 53. Let d = b - -16. Suppose -2*z + d*a = -78, -z - 162 = -5*z + a. List the prime factors of z.
41
Let x = 37 - 25. List the prime factors of 9*344/x - (-6)/(-3).
2
Suppose 5*f - 9*f + 616 = 0. Suppose -44*s + 46*s - f = 0. List the prime factors of s.
7, 11
List the prime factors of (371/212)/((-2)/(-152)).
7, 19
Let z be -8 - (-7)/(21/6). Let j = 25 - z. List the prime factors of j.
31
Let l(c) = -c**3 + 4*c**2 + 7*c - 6. Let f be l(5). List the prime factors of -1 - 79/(-1) - f.
2, 37
Let h = 4188 - 2870. What are the prime factors of h?
2, 659
Let j(r) = 296*r**2 - 3*r - 10. List the prime factors of j(-2).
2, 5, 59
Let f(w) = -w**3 - 12*w**2 + 7*w - 8. Let j be f(-13). Let i = j + -15. List the prime factors of i.
5, 11
Let j(c) = -14*c - 2. Let u be j(2). Let b = 33 + u. Let o(y) = 2*y**2 + 3. What are the prime factors of o(b)?
3, 7
Suppose 0 = -2*h + 2*v, h + 3*v - 4 + 0 = 0. Let c be (2 - h/(-1)) + 15. Let y = c + 17. What are the prime factors of y?
5, 7
Suppose 2*n - 3212 = -2*m, -5*n + 1666 = 3*m - 3152. What are the prime factors of m?
2, 11, 73
Let x(v) = 31 - 116 + v**3 + 8*v - 21*v**2 + 44 + 2*v. What are the prime factors of x(21)?
13
Let l(r) be the second derivative of r**3/6 + 7*r**2/2 - 2*r. Let t be l(5). Let i = -8 + t. List the prime factors of i.
2
Suppose 6*q = q + 380. Let s = q + 148. Suppose 0 = -4*f - 4*p + s, -2*f + 125 = 3*p + 14. List the prime factors of f.
3, 19
Let b = 25 - 23. List the prime factors of b/(-7) + (-60)/(-14).
2
Let d(a) = 100*a + 188. List the prime factors of d(36).
2, 947
Let x(v) = -v**3 - v. Let i be x(-1). Suppose 0 = -3*u + i*j - j + 313, 2*j = -2. What are the prime factors of u?
2, 13
Let t be 4/(8/(-6)) + 8. Suppose -t*y = -s + 10, 4*s = 3*y - 12 + 1. What are the prime factors of (-18)/2*s*1?
3, 5
Suppose -3*g = -3*n - 2496, 0 = -5*g - 4*n + 3404 + 756. List the prime factors of g.
2, 13
Let d(o) = -130*o + 791. List the prime factors of d(-6).
1571
Suppose -8*g - 33 = -5*g. Let s = g - -14. Suppose -s*a + 18 = n, -3 = 2*a - 11. List the prime factors of n.
2, 3
Suppose -1 = -5*o + 119. Suppose -4*t + 28 = -3*j + t, 5*t = -j + o. Let y(q) = -33*q - 2. List the prime factors of y(j).
31
Let k(m) = -m**3 + 19*m**2 - 39*m + 68. List the prime factors of k(15).
383
Let r(v) = 13*v**2 - 12*v + 4. List the prime factors of r(6).
2, 5
Let o(h) = 6*h + 153. What are the prime factors of o(29)?
3, 109
Suppose 16*q - 15*q - 926 = 0. Suppose 5*k + 301 = q. What are the prime factors of k?
5
Let y be (-4 - (-15)/10)*-120. Suppose -3*m = -759 + y. List the prime factors of m.
3, 17
Let y(n) be the second derivative of n**6/720 + n**5/15 - 5*n**4/6 - 11*n. Let z(x) be the third derivative of y(x). What are the prime factors of z(10)?
2, 3
Let u(j) = 4*j**2 + j - 5. Let w be u(-5). Suppose 0 = g + 2*o - w, -4*g - g = -3*o - 424. Let r = -60 + g. What are the prime factors of r?
2, 13
Suppose -1648 = -k - 3*k - 4*g, -3*k - 5*g = -1236. List the prime factors of k.
2, 103
What are the prime factors of 8/3*(-4950)/(-20)?
2, 3, 5, 11
Suppose 70 + 483 = 7*u. What are the prime factors of u?
79
Let k be 53 - (1/(-4))/(6/(-48)). Suppose -i + 15 = 46. Let f = k + i. List the prime factors of f.
2, 5
Suppose 0*c + c + 14 = 0. Suppose 0 = -5*z + 9 + 6. Let x = z - c. What are the prime factors of x?
17
Let v(t) = 159*t + 27. List the prime factors of v(4).
3, 13, 17
Suppose 17*x - 8584 = -5*r + 19*x, 12 = 4*x. List the prime factors of r.
2, 859
Let l(i) = -24*i**3 + i**2 + 3*i - 2. Let k = 90 - 92. What are the prime factors of l(k)?
2, 47
What are the prime factors of -2 - -12*(3 + 1 - -56)?
2, 359
Let v be (36/60)/((-2)/(-60)). Let p = v + -16. List the prime factors of (-44 - 2)/(-1) - p.
2, 11
What are the prime factors of (3786 - 110)*(-2)/16*-2?
919
Let l(f) be the second derivative of f**4/12 - 2*f**3/3 + 3*f**2 - 9*f. Let b be (-10 - 5)*(-2)/6. List the prime factors of l(b).
11
Suppose 2*k - 3*c - 3509 = 0, -k + 4*c + 739 = -1028. List the prime factors of k.
1747
Let c be -5*(-4)/10 + 0. Suppose -b - 13 = 3*i, -c*i + 6*i = 5*b - 30. Suppose -3*t - b*v = t - 204, -51 = -t + 3*v. List the prime factors of t.
3, 17
Let w(a) be the first derivative of 5*a**2/2 - 84*a + 38. List the prime factors of w(19).
11
Let q = 771 + -349. Suppose 0*x + 2*n = -3*x + 316, -4*x - 3*n + q = 0. What are the prime factors of x?
2, 13
Suppose -2*d + 2*s = -1006, 13*s = 3*d + 18*s - 1549. What are the prime factors of d?
2, 127
Let v(n) = 95*n + 27. What are the prime factors of v(27)?